e the prime factors of 26185?
5, 5237
List the prime factors of 2433.
3, 811
What are the prime factors of 11577?
3, 17, 227
List the prime factors of 674.
2, 337
What are the prime factors of 775?
5, 31
What are the prime factors of 7918?
2, 37, 107
What are the prime factors of 759?
3, 11, 23
What are the prime factors of 52878?
2, 3, 7, 1259
What are the prime factors of 2120?
2, 5, 53
What are the prime factors of 14612?
2, 13, 281
List the prime factors of 11117.
11117
List the prime factors of 3657.
3, 23, 53
What are the prime factors of 808?
2, 101
List the prime factors of 39098.
2, 113, 173
List the prime factors of 25646.
2, 12823
What are the prime factors of 5052?
2, 3, 421
List the prime factors of 154.
2, 7, 11
What are the prime factors of 6890?
2, 5, 13, 53
List the prime factors of 10441.
53, 197
List the prime factors of 14563.
14563
What are the prime factors of 4977?
3, 7, 79
List the prime factors of 609.
3, 7, 29
What are the prime factors of 1680?
2, 3, 5, 7
List the prime factors of 16523.
13, 31, 41
List the prime factors of 4686.
2, 3, 11, 71
What are the prime factors of 1743?
3, 7, 83
What are the prime factors of 1205?
5, 241
List the prime factors of 222.
2, 3, 37
List the prime factors of 1092.
2, 3, 7, 13
What are the prime factors of 48080?
2, 5, 601
What are the prime factors of 1055?
5, 211
What are the prime factors of 18098?
2, 9049
What are the prime factors of 164?
2, 41
List the prime factors of 9012.
2, 3, 751
What are the prime factors of 9960?
2, 3, 5, 83
What are the prime factors of 15127?
7, 2161
What are the prime factors of 11810?
2, 5, 1181
What are the prime factors of 146352?
2, 3, 3049
List the prime factors of 13017.
3, 4339
What are the prime factors of 2335?
5, 467
What are the prime factors of 1972?
2, 17, 29
List the prime factors of 26442.
2, 3, 13, 113
What are the prime factors of 35095?
5, 7019
List the prime factors of 8447.
8447
What are the prime factors of 2004?
2, 3, 167
What are the prime factors of 11158?
2, 7, 797
List the prime factors of 10022.
2, 5011
What are the prime factors of 7708?
2, 41, 47
What are the prime factors of 36504?
2, 3, 13
What are the prime factors of 4530?
2, 3, 5, 151
List the prime factors of 2030.
2, 5, 7, 29
List the prime factors of 4220.
2, 5, 211
List the prime factors of 12.
2, 3
What are the prime factors of 828?
2, 3, 23
List the prime factors of 56751.
3, 18917
What are the prime factors of 5837?
13, 449
List the prime factors of 2758.
2, 7, 197
List the prime factors of 15038.
2, 73, 103
What are the prime factors of 1596?
2, 3, 7, 19
What are the prime factors of 1237?
1237
What are the prime factors of 390?
2, 3, 5, 13
List the prime factors of 3018.
2, 3, 503
List the prime factors of 210.
2, 3, 5, 7
List the prime factors of 558.
2, 3, 31
List the prime factors of 14.
2, 7
List the prime factors of 1650.
2, 3, 5, 11
What are the prime factors of 1945?
5, 389
List the prime factors of 120.
2, 3, 5
List the prime factors of 564.
2, 3, 47
What are the prime factors of 906?
2, 3, 151
What are the prime factors of 4363?
4363
What are the prime factors of 78940?
2, 5, 3947
What are the prime factors of 24333?
3, 8111
What are the prime factors of 20132?
2, 7, 719
List the prime factors of 5096.
2, 7, 13
List the prime factors of 49233.
3, 16411
List the prime factors of 446.
2, 223
What are the prime factors of 12231?
3, 151
What are the prime factors of 6439?
47, 137
What are the prime factors of 6483?
3, 2161
What are the prime factors of 19318?
2, 13, 743
What are the prime factors of 1295?
5, 7, 37
List the prime factors of 5564.
2, 13, 107
What are the prime factors of 118662?
2, 3, 19777
What are the prime factors of 1103?
1103
List the prime factors of 9179.
67, 137
List the prime factors of 10605.
3, 5, 7, 101
What are the prime factors of 4129?
4129
List the prime factors of 29363.
29363
What are the prime factors of 1067?
11, 97
List the prime factors of 81327.
3, 27109
What are the prime factors of 61?
61
List the prime factors of 2345.
5, 7, 67
What are the prime factors of 3224?
2, 13, 31
List the prime factors of 1081.
23, 47
What are the prime factors of 1034?
2, 11, 47
What are the prime factors of 29206?
2, 17, 859
List the prime factors of 13636.
2, 7, 487
What are the prime factors of 1249?
1249
What are the prime factors of 1280?
2, 5
List the prime factors of 55103.
55103
What are the prime factors of 54443?
54443
List the prime factors of 18564.
2, 3, 7, 13, 17
What are the prime factors of 20599?
20599
List the prime factors of 9209.
9209
What are the prime factors of 5906?
2, 2953
List the prime factors of 244.
2, 61
What are the prime factors of 4263?
3, 7, 29
What are the prime factors of 25638?
2, 3, 4273
List the prime factors of 16965.
3, 5, 13, 29
What are the prime factors of 167769?
3, 7, 2663
What are the prime factors of 298?
2, 149
What are the prime factors of 115456?
2, 11, 41
What are the prime factors of 51704?
2, 23, 281
List the prime factors of 24003.
3, 7, 127
List the prime factors of 35975.
5, 1439
What are the prime factors of 1434?
2, 3, 239
What are the prime factors of 8282?
2, 41, 101
What are the prime factors of 3738?
2, 3, 7, 89
List the prime factors of 12082.
2, 7, 863
List the prime factors of 968.
2, 11
What are the prime factors of 4243?
4243
List the prime factors of 19145.
5, 7, 547
What are the prime factors of 180449?
37, 4877
List the prime factors of 24212.
2, 6053
List the prime factors of 2274.
2, 3, 379
List the prime factors of 891.
3, 11
List the prime factors of 6098.
2, 3049
List the prime factors of 1052.
2, 263
List the prime factors of 4248.
2, 3, 59
List the prime factors of 3233.
53, 61
What are the prime factors of 11536?
2, 7, 103
What are the prime factors of 2227?
17, 131
What are the prime factors of 11035?
5, 2207
What are the prime factors of 3788?
2, 947
What are the prime factors of 502?
2, 251
List the prime factors of 27658.
2, 13829
List the prime factors of 11806.
2, 5903
What are the prime factors of 2400?
2, 3, 5
What are the prime factors of 3669?
3, 1223
List the prime factors of 31800.
2, 3, 5, 53
What are the prime factors of 37835?
5, 7, 23, 47
List the prime factors of 55626.
2, 3, 73, 127
What are the prime factors of 6727?
7, 31
What are the prime factors of 439?
439
List the prime factors of 2566.
2, 1283
What are the prime factors of 20363?
7, 2909
What are the prime factors of 4848?
2, 3, 101
List the prime factors of 283.
283
What are the prime factors of 8294?
2, 11, 13, 29
List the prime factors of 3121.
3121
What are the prime factors of 5564?
2, 13, 107
List the prime factors of 22156.
2, 29, 191
List the prime factors of 37275.
3, 5, 7, 71
List the prime factors of 2439.
3, 271
What are the prime factors of 720?
2, 3, 5
What are the prime factors of 320?
2, 5
What are the prime factors of 3682?
2, 7, 263
What are the prime factors of 1755?
3, 5, 13
List the prime factors of 592.
2, 37
List the prime factors of 2529.
3, 281
What are the prime factors of 13642?
2, 19, 359
List the prime factors of 26766.
2, 3, 1487
List the prime factors of 10563.
3, 7, 503
List the prime factors of 850.
2, 5, 17
What are the prime factors of 21632?
2, 13
List the prime factors of 146785.
5, 31, 947
List the prime factors of 3120.
2, 3, 5, 13
What are the prime factors of 1200?
2, 3, 5
List the prime factors of 9271.
73, 127
What are the prime factors of 74?
2, 37
List the prime factors of 8440.
2, 5, 211
What are the prime factors of 47622?
2, 3, 7937
What are the prime factors of 9277?
9277
What are the prime factors of 7223?
31, 233
List the prime factors of 45040.
2, 5, 563
What are the prime factors of 18005?
5, 13, 277
What are the prime factors of 388?
2, 97
List the prime factors of 7493.
59, 127
What are the prime factors of 9631?
9631
List the prime factors of 168399.
3, 7, 11
List the prime factors of 11379.
3, 3793
What are the prime factors of 1722?
2, 3, 7, 41
List the prime factors of 44223.
3, 14741
List the prime factors of 23298.
2, 3, 11, 353
What are the prime factors of 40853?
40853
List the prime factors of 4501.
7, 643
List the prime factors of 36413.
13, 2801
What are the prime factors of 11844?
2, 3, 7, 47
List the prime fac